{"id":376,"date":"2022-10-18T10:17:19","date_gmt":"2022-10-18T09:17:19","guid":{"rendered":"https:\/\/www.andlay.org\/?page_id=376"},"modified":"2022-11-06T15:32:40","modified_gmt":"2022-11-06T14:32:40","slug":"privacy-policy","status":"publish","type":"page","link":"https:\/\/www.andlay.org\/it\/privacy-policy\/","title":{"rendered":"Informazioni sul trattamento dei dati personali"},"content":{"rendered":"<p><strong>Informazioni sulla Privacy ai sensi dell\u2019art. 13 del Regolamento Europeo UE 2016\/697 (GDPR). Andlay APS No Profit, via Bigari 17\/2 40128 Bologna. Email info@andlay.org.<\/strong><\/p>\n<p>In relazione a quanto previsto dal Reg. UE 2016\/679 (Regolamento Europeo per la protezione dei dati personali) e successive modifice, con la presente comunichiamo le dovute informazioni in ordine al trattamento dei dati personali forniti dall\u2019interessato.<br \/>La presente informativa che \u00e8 resa ai sensi dell\u2019 art. 13 della Reg. UE 2016\/679 (Regolamento Europeo per la protezione dei dati personali) e ai sensi dell\u2019art. 13 D.Lgs. 30.6.2003 n. 196 (Codice Privacy).<\/p>\n<h2>1. TITOLARE DEL TRATTAMENTO<\/h2>\n<p>Ai sensi degli artt. 4 e 24 del Reg. UE 2016\/679 il titolare del trattamento \u00e8 l\u2019Associazione Andlay, con sede sociale in Via Bigari 17\/2 Bologna, codice fiscale 91375380374. In qualit\u00e0 di titolare del trattamento, informa gli utenti che consultano il sito che i dati personali immessi sono trattati con le modalit\u00e0 e le finalit\u00e0 di seguito descritte.<\/p>\n<h2>2. DATI OGGETTO DEL TRATTAMENTO<\/h2>\n<p>Il Titolare del Trattamento tratta i dati personali identificativi (ad esempio, nome, cognome, ragione sociale, indirizzo, telefono, e-mail, riferimenti bancari e di pagamento), comunicati dall\u2019interessato solo per finalizzare l\u2019acquisto dei prodotti venduti per raccolta fondi. La raccolta di dati \u00e8 temporanea come descritto al punto 8.<\/p>\n<h2>3. COOKIES<\/h2>\n<p>I cookies sono utilizzati solo per finalizzare le vendite nell\u2019ambito della raccolta fondi. I cookies per le terze parti sono solo quelli necessari per finalizzare i pagamenti. Per maggiori dettagli consulta la <a href=\"https:\/\/www.andlay.org\/cookie-policy-eu\/\" rel=\"noopener\" target=\"_blank\">Cookie Policy<\/a><\/p>\n<p><h2>4. FINALIT\u00c0 E LICEITA\u2019 DEL TRATTAMENTO<\/h2>\n<p>I dati di natura personale forniti, saranno oggetto di trattamento nel rispetto delle condizioni di liceit\u00e0 ex art. 6 lett. b del Reg. UE 2016\/679, ovvero per finalizzare la partecipazione alla raccolta fondi attraverso l\u2019acquisto di un prodotto e per la spedizione dello stesso.\u2019Inoltre per:<\/p>\n<ul>\n<li>adempiere agli obblighi contrattuali, di legge e finalit\u00e0 amministrativo-contabile. Ai fini dell\u2019applicazione delle disposizioni in materia di protezione dei dati personali, i trattamenti effettuati per finalit\u00e0 amministrativo-contabili sono quelli connessi allo svolgimento delle attivit\u00e0 di natura organizzativa, amministrativa, finanziaria e contabile, a prescindere dalla natura dei dati trattati;<\/li>\n<li>adempiere agli obblighi previsti dalla legge, da un regolamento, dalla normativa comunitaria o da un ordine dell\u2019Autorit\u00e0 (come ad esempio in materia di antiriciclaggio);<\/li>\n<li>esercitare i diritti del Titolare, ad esempio il diritto di difesa in giudizio;<\/li>\n<\/ul>\n<p><h2>5. DESTINATARI O CATEGORIE DI DESTINATARI DEI DATI<\/h2>\n<p>I dati di natura personale forniti potranno essere comunicati a destinatari, nominati ex art. 28 del Reg. UE 2016\/679, che tratteranno i dati in qualit\u00e0 di responsabili e\/o in qualit\u00e0 di persone fisiche che agiscono sotto l\u2019autorit\u00e0 del Titolare e del Responsabile del trattamento, al fine di ottemperare ai contratti o finalit\u00e0 connesse. Precisamente, i dati potranno essere comunicati a destinatari appartenenti alle seguenti categorie:<\/p>\n<ul>\n<li>soggetti che forniscono servizi per la gestione del sistema informatico e delle reti di comunicazione del Titolare del Trattamento;<\/li>\n<li>studi o societ\u00e0 nell\u2019ambito di rapporti di assistenza e consulenza;<\/li>\n<li>autorit\u00e0 competenti per adempimenti di obblighi di legge e\/o di disposizioni di organi pubblici, su richiesta;<\/li>\n<\/ul>\n<p>I soggetti appartenenti alle categorie suddette svolgono la funzione di Responsabile del trattamento dei dati, oppure operano in totale autonomia come distinti Titolari del trattamento.<\/p>\n<h2>6. TRASFERIMENTO DATI VERSO UN PAESE TERZO E\/O UN\u2019ORGANIZZAZIONE INTERNAZIONALE<\/h2>\n<p>I dati di natura personale forniti dall\u2019interessato, non saranno trasferiti all\u2019estero all\u2019interno o all\u2019esterno dell\u2019Unione Europea.<\/p>\n<h2>7. MODALITA\u2019 DI TRATTAMENTO<\/h2>\n<p>Il trattamento dei dati personali dell\u2019interessato \u00e8 realizzato per mezzo delle operazioni indicate all\u2019art. 4 n. 2) GDPR del Reg. UE 2016\/679 e precisamente: raccolta, registrazione, organizzazione, conservazione, consultazione, elaborazione, modificazione, selezione, estrazione, raffronto, utilizzo, interconnessione, blocco, comunicazione, cancellazione e distruzione dei dati. I dati personali sono sottoposti a trattamento sia cartaceo che elettronico e\/o automatizzato.<\/p>\n<h2>8. PERIODO DI CONSERVAZIONE DEI DATI<\/h2>\n<p>Il trattamento sar\u00e0 svolto in forma automatizzate, con modalit\u00e0 e strumenti volti a garantire la massima sicurezza e riservatezza, ad opera di soggetti a ci\u00f2 appositamente incaricati. Nel rispetto di quanto previsto dall\u2019art. 5 comma 1 lett. e) del Reg. UE 2016\/679 i dati personali raccolti verranno conservati in una forma che consenta l\u2019identificazione degli interessati per un arco di tempo non superiore al conseguimento delle finalit\u00e0 per le quali i dati personali sono trattati.<\/p>\n<h2>9. NATURA DEL CONFERIMENTO E RIFIUTO<\/h2>\n<p>Il conferimento dei dati per le finalit\u00e0 di cui al punto 3 \u00e8 obbligatorio. In loro assenza non sar\u00e0 possibile garantire i relativi servizi. I dati raccolti sono solo finalizzati alla partecipazione della raccolta fondi e non vi sono vengono utilizzati per le finalit\u00e0 per le quali sia necessario l&#8217;espresso consenso dell&#8217;interessato e siano facoltativi, e cio\u00e8:<\/p>\n<ul>\n<li>invio di materiale informativo;<\/li>\n<li>invio via e-mail, posta, sms, contatti telefonici, newsletter, comunicazioni commerciali o materiale pubblicitario su prodotti o servizi offerti dal Titolare o rilevazione del grado di soddisfazione sulla qualit\u00e0 dei servizi;<\/li>\n<li>invio via e-mail, posta, sms, contatti telefonici, newsletter, comunicazioni commerciali e\/o promozionali di soggetti terzi.<\/li>\n<\/ul>\n<h2>10. DIRITTI DEGLI INTERESSATI<\/h2>\n<p>L\u2019interessato potr\u00e0 far valere i propri diritti come espressi dagli artt. 15, 16, 17, 18, 19, 20, 21, 22 del Regolamento UE 2016\/679, rivolgendosi al Titolare del Trattamento, tramite all\u2019indirizzo di posta elettronica info@andlay.org<\/p>\n<p>L\u2019interessato ha il diritto, in qualunque momento di:<\/p>\n<ul>\n<li>ottenere la conferma dell&#8217;esistenza o meno di dati personali che lo riguardano, anche se non ancora registrati, e la loro comunicazione in forma intelligibile;<\/li>\n<li>ottenere l&#8217;indicazione: a) dell&#8217;origine dei dati personali; b) delle finalit\u00e0 e modalit\u00e0 del trattamento; c) della logica applicata in caso di trattamento effettuato con l&#8217;ausilio di strumenti elettronici; d) degli estremi identificativi del titolare, dei responsabili e del rappresentante designato ai sensi dell&#8217;art. 5, comma 2 Codice Privacy e art. 3, comma 1, GDPR; e) dei soggetti o delle categorie di soggetti ai quali i dati personali possono essere comunicati o che possono venirne a conoscenza in qualit\u00e0 di rappresentante designato nel territorio dello Stato, di responsabili o incaricati;<\/li>\n<li>ottenere: a) l&#8217;aggiornamento, la rettificazione ovvero, quando vi ha interesse, l&#8217;integrazione dei dati; b) la cancellazione, la trasformazione in forma anonima o il blocco dei dati trattati in violazione di legge, compresi quelli di cui non \u00e8 necessaria la conservazione in relazione agli scopi per i quali i dati sono stati raccolti o successivamente trattati; c) l&#8217;attestazione che le operazioni di cui alle lettere a) e b) sono state portate a conoscenza, anche per quanto riguarda il loro contenuto, di coloro ai quali i dati sono stati comunicati o diffusi, eccettuato il caso in cui tale adempimento si rivela impossibile o comporta un impiego di mezzi manifestamente sproporzionato rispetto al diritto tutelato;<\/li>\n<li>opporsi, in tutto o in parte: a) per motivi legittimi al trattamento dei dati personali che lo riguardano, ancorch\u00e9 pertinenti allo scopo della raccolta; b) al trattamento di dati personali che lo riguardano a fini di invio di materiale pubblicitario o di vendita diretta o per il compimento di ricerche di mercato o di comunicazione commerciale, mediante l\u2019uso di sistemi automatizzati di chiamata senza l\u2019intervento di un operatore mediante e-mail e\/o mediante modalit\u00e0 di marketing tradizionali mediante telefono e\/o posta cartacea.<\/li>\n<\/ul>\n<p>Ove applicabili, l\u2019interessato ha altres\u00ec i diritti di cui agli artt. 16-21 GDPR (Diritto di rettifica, diritto all\u2019oblio, diritto di limitazione di trattamento, diritto alla portabilit\u00e0 dei dati, diritto di opposizione),<\/p>\n<p>Fatto salvo ogni altro ricorso amministrativo e giurisdizionale, se l\u2019interessato ritiene che il trattamento dei dati che lo riguardano violi quanto previsto dal Reg. UE 2016\/679, ai sensi dell\u2019art. 15 lettera f) del succitato Reg. UE 2016\/679, ha il diritto di proporre reclamo al Garante per la protezione dei dati personali e, con riferimento all\u2019art. 6 paragrafo 1, lettera a) e art. 9, paragrafo 2, lettera a), ha il diritto di revocare in qualsiasi momento il consenso prestato.<\/p>\n<p>Nel caso di richiesta di portabilit\u00e0 del dato da parte dell\u2019interessato, il Titolare del trattamento fornir\u00e0 in un formato di uso comune e leggibile i dati personali che lo riguardano, fatto salvo i commi 3 e 4 dell\u2019art. 20 del Reg. UE 2016\/679.<\/p>\n","protected":false},"excerpt":{"rendered":"<p>Informazioni sulla Privacy ai sensi dell\u2019art. 13 del Regolamento Europeo UE 2016\/697 (GDPR). Andlay APS No Profit, via Bigari 17\/2 40128 Bologna. Email info@andlay.org. In relazione a quanto previsto dal Reg. UE 2016\/679 (Regolamento Europeo per la protezione dei dati personali) e successive modifice, con la presente comunichiamo le dovute informazioni in ordine al trattamento [&hellip;]<\/p>\n","protected":false},"author":2,"featured_media":0,"parent":0,"menu_order":0,"comment_status":"closed","ping_status":"closed","template":"","meta":{"footnotes":""},"class_list":["post-376","page","type-page","status-publish","hentry"],"jetpack_sharing_enabled":true,"_links":{"self":[{"href":"https:\/\/www.andlay.org\/it\/wp-json\/wp\/v2\/pages\/376","targetHints":{"allow":["GET"]}}],"collection":[{"href":"https:\/\/www.andlay.org\/it\/wp-json\/wp\/v2\/pages"}],"about":[{"href":"https:\/\/www.andlay.org\/it\/wp-json\/wp\/v2\/types\/page"}],"author":[{"embeddable":true,"href":"https:\/\/www.andlay.org\/it\/wp-json\/wp\/v2\/users\/2"}],"replies":[{"embeddable":true,"href":"https:\/\/www.andlay.org\/it\/wp-json\/wp\/v2\/comments?post=376"}],"version-history":[{"count":10,"href":"https:\/\/www.andlay.org\/it\/wp-json\/wp\/v2\/pages\/376\/revisions"}],"predecessor-version":[{"id":516,"href":"https:\/\/www.andlay.org\/it\/wp-json\/wp\/v2\/pages\/376\/revisions\/516"}],"wp:attachment":[{"href":"https:\/\/www.andlay.org\/it\/wp-json\/wp\/v2\/media?parent=376"}],"curies":[{"name":"wp","href":"https:\/\/api.w.org\/{rel}","templated":true}]}}

<p><strong>Informazioni sulla Privacy ai sensi dell’art. 13 del Regolamento Europeo UE 2016/697 (GDPR). Andlay APS No Profit, via Bigari 17/2 40128 Bologna. Email info@andlay.org.</strong></p>
<p>In relazione a quanto previsto dal Reg. UE 2016/679 (Regolamento Europeo per la protezione dei dati personali) e successive modifice, con la presente comunichiamo le dovute informazioni in ordine al trattamento dei dati personali forniti dall’interessato.<br />La presente informativa che è resa ai sensi dell’ art. 13 della Reg. UE 2016/679 (Regolamento Europeo per la protezione dei dati personali) e ai sensi dell’art. 13 D.Lgs. 30.6.2003 n. 196 (Codice Privacy).</p>
<h2>1. TITOLARE DEL TRATTAMENTO</h2>
<p>Ai sensi degli artt. 4 e 24 del Reg. UE 2016/679 il titolare del trattamento è l’Associazione Andlay, con sede sociale in Via Bigari 17/2 Bologna, codice fiscale 91375380374. In qualità di titolare del trattamento, informa gli utenti che consultano il sito che i dati personali immessi sono trattati con le modalità e le finalità di seguito descritte.</p>
<h2>2. DATI OGGETTO DEL TRATTAMENTO</h2>
<p>Il Titolare del Trattamento tratta i dati personali identificativi (ad esempio, nome, cognome, ragione sociale, indirizzo, telefono, e-mail, riferimenti bancari e di pagamento), comunicati dall’interessato solo per finalizzare l’acquisto dei prodotti venduti per raccolta fondi. La raccolta di dati è temporanea come descritto al punto 8.</p>
<h2>3. COOKIES</h2>
<p>I cookies sono utilizzati solo per finalizzare le vendite nell’ambito della raccolta fondi. I cookies per le terze parti sono solo quelli necessari per finalizzare i pagamenti. Per maggiori dettagli consulta la <a href="https://www.andlay.org/cookie-policy-eu/" rel="noopener" target="_blank">Cookie Policy</a></p>
<p><h2>4. FINALITÀ E LICEITA’ DEL TRATTAMENTO</h2>
<p>I dati di natura personale forniti, saranno oggetto di trattamento nel rispetto delle condizioni di liceità ex art. 6 lett. b del Reg. UE 2016/679, ovvero per finalizzare la partecipazione alla raccolta fondi attraverso l’acquisto di un prodotto e per la spedizione dello stesso.’Inoltre per:</p>
<ul>
<li>adempiere agli obblighi contrattuali, di legge e finalità amministrativo-contabile. Ai fini dell’applicazione delle disposizioni in materia di protezione dei dati personali, i trattamenti effettuati per finalità amministrativo-contabili sono quelli connessi allo svolgimento delle attività di natura organizzativa, amministrativa, finanziaria e contabile, a prescindere dalla natura dei dati trattati;</li>
<li>adempiere agli obblighi previsti dalla legge, da un regolamento, dalla normativa comunitaria o da un ordine dell’Autorità (come ad esempio in materia di antiriciclaggio);</li>
<li>esercitare i diritti del Titolare, ad esempio il diritto di difesa in giudizio;</li>
</ul>
<p><h2>5. DESTINATARI O CATEGORIE DI DESTINATARI DEI DATI</h2>
<p>I dati di natura personale forniti potranno essere comunicati a destinatari, nominati ex art. 28 del Reg. UE 2016/679, che tratteranno i dati in qualità di responsabili e/o in qualità di persone fisiche che agiscono sotto l’autorità del Titolare e del Responsabile del trattamento, al fine di ottemperare ai contratti o finalità connesse. Precisamente, i dati potranno essere comunicati a destinatari appartenenti alle seguenti categorie:</p>
<ul>
<li>soggetti che forniscono servizi per la gestione del sistema informatico e delle reti di comunicazione del Titolare del Trattamento;</li>
<li>studi o società nell’ambito di rapporti di assistenza e consulenza;</li>
<li>autorità competenti per adempimenti di obblighi di legge e/o di disposizioni di organi pubblici, su richiesta;</li>
</ul>
<p>I soggetti appartenenti alle categorie suddette svolgono la funzione di Responsabile del trattamento dei dati, oppure operano in totale autonomia come distinti Titolari del trattamento.</p>
<h2>6. TRASFERIMENTO DATI VERSO UN PAESE TERZO E/O UN’ORGANIZZAZIONE INTERNAZIONALE</h2>
<p>I dati di natura personale forniti dall’interessato, non saranno trasferiti all’estero all’interno o all’esterno dell’Unione Europea.</p>
<h2>7. MODALITA’ DI TRATTAMENTO</h2>
<p>Il trattamento dei dati personali dell’interessato è realizzato per mezzo delle operazioni indicate all’art. 4 n. 2) GDPR del Reg. UE 2016/679 e precisamente: raccolta, registrazione, organizzazione, conservazione, consultazione, elaborazione, modificazione, selezione, estrazione, raffronto, utilizzo, interconnessione, blocco, comunicazione, cancellazione e distruzione dei dati. I dati personali sono sottoposti a trattamento sia cartaceo che elettronico e/o automatizzato.</p>
<h2>8. PERIODO DI CONSERVAZIONE DEI DATI</h2>
<p>Il trattamento sarà svolto in forma automatizzate, con modalità e strumenti volti a garantire la massima sicurezza e riservatezza, ad opera di soggetti a ciò appositamente incaricati. Nel rispetto di quanto previsto dall’art. 5 comma 1 lett. e) del Reg. UE 2016/679 i dati personali raccolti verranno conservati in una forma che consenta l’identificazione degli interessati per un arco di tempo non superiore al conseguimento delle finalità per le quali i dati personali sono trattati.</p>
<h2>9. NATURA DEL CONFERIMENTO E RIFIUTO</h2>
<p>Il conferimento dei dati per le finalità di cui al punto 3 è obbligatorio. In loro assenza non sarà possibile garantire i relativi servizi. I dati raccolti sono solo finalizzati alla partecipazione della raccolta fondi e non vi sono vengono utilizzati per le finalità per le quali sia necessario l&#8217;espresso consenso dell&#8217;interessato e siano facoltativi, e cioè:</p>
<ul>
<li>invio di materiale informativo;</li>
<li>invio via e-mail, posta, sms, contatti telefonici, newsletter, comunicazioni commerciali o materiale pubblicitario su prodotti o servizi offerti dal Titolare o rilevazione del grado di soddisfazione sulla qualità dei servizi;</li>
<li>invio via e-mail, posta, sms, contatti telefonici, newsletter, comunicazioni commerciali e/o promozionali di soggetti terzi.</li>
</ul>
<h2>10. DIRITTI DEGLI INTERESSATI</h2>
<p>L’interessato potrà far valere i propri diritti come espressi dagli artt. 15, 16, 17, 18, 19, 20, 21, 22 del Regolamento UE 2016/679, rivolgendosi al Titolare del Trattamento, tramite all’indirizzo di posta elettronica info@andlay.org</p>
<p>L’interessato ha il diritto, in qualunque momento di:</p>
<ul>
<li>ottenere la conferma dell&#8217;esistenza o meno di dati personali che lo riguardano, anche se non ancora registrati, e la loro comunicazione in forma intelligibile;</li>
<li>ottenere l&#8217;indicazione: a) dell&#8217;origine dei dati personali; b) delle finalità e modalità del trattamento; c) della logica applicata in caso di trattamento effettuato con l&#8217;ausilio di strumenti elettronici; d) degli estremi identificativi del titolare, dei responsabili e del rappresentante designato ai sensi dell&#8217;art. 5, comma 2 Codice Privacy e art. 3, comma 1, GDPR; e) dei soggetti o delle categorie di soggetti ai quali i dati personali possono essere comunicati o che possono venirne a conoscenza in qualità di rappresentante designato nel territorio dello Stato, di responsabili o incaricati;</li>
<li>ottenere: a) l&#8217;aggiornamento, la rettificazione ovvero, quando vi ha interesse, l&#8217;integrazione dei dati; b) la cancellazione, la trasformazione in forma anonima o il blocco dei dati trattati in violazione di legge, compresi quelli di cui non è necessaria la conservazione in relazione agli scopi per i quali i dati sono stati raccolti o successivamente trattati; c) l&#8217;attestazione che le operazioni di cui alle lettere a) e b) sono state portate a conoscenza, anche per quanto riguarda il loro contenuto, di coloro ai quali i dati sono stati comunicati o diffusi, eccettuato il caso in cui tale adempimento si rivela impossibile o comporta un impiego di mezzi manifestamente sproporzionato rispetto al diritto tutelato;</li>
<li>opporsi, in tutto o in parte: a) per motivi legittimi al trattamento dei dati personali che lo riguardano, ancorché pertinenti allo scopo della raccolta; b) al trattamento di dati personali che lo riguardano a fini di invio di materiale pubblicitario o di vendita diretta o per il compimento di ricerche di mercato o di comunicazione commerciale, mediante l’uso di sistemi automatizzati di chiamata senza l’intervento di un operatore mediante e-mail e/o mediante modalità di marketing tradizionali mediante telefono e/o posta cartacea.</li>
</ul>
<p>Ove applicabili, l’interessato ha altresì i diritti di cui agli artt. 16-21 GDPR (Diritto di rettifica, diritto all’oblio, diritto di limitazione di trattamento, diritto alla portabilità dei dati, diritto di opposizione),</p>
<p>Fatto salvo ogni altro ricorso amministrativo e giurisdizionale, se l’interessato ritiene che il trattamento dei dati che lo riguardano violi quanto previsto dal Reg. UE 2016/679, ai sensi dell’art. 15 lettera f) del succitato Reg. UE 2016/679, ha il diritto di proporre reclamo al Garante per la protezione dei dati personali e, con riferimento all’art. 6 paragrafo 1, lettera a) e art. 9, paragrafo 2, lettera a), ha il diritto di revocare in qualsiasi momento il consenso prestato.</p>
<p>Nel caso di richiesta di portabilità del dato da parte dell’interessato, il Titolare del trattamento fornirà in un formato di uso comune e leggibile i dati personali che lo riguardano, fatto salvo i commi 3 e 4 dell’art. 20 del Reg. UE 2016/679.</p>
